{"id":1463,"date":"2023-07-11T21:17:17","date_gmt":"2023-07-11T19:17:17","guid":{"rendered":"https:\/\/www.hetlbe.nl\/?page_id=1463"},"modified":"2023-10-18T11:03:07","modified_gmt":"2023-10-18T09:03:07","slug":"concert-le-11-juillet-a-leglise-st-florentsavines-le-lac","status":"publish","type":"page","link":"https:\/\/www.hetlbe.nl\/?page_id=1463","title":{"rendered":"France 2023"},"content":{"rendered":"<div class=\"page-restrict-output\">\n<p class=\"has-medium-font-size wp-block-paragraph\">C\u2019est la cinqui\u00e8me fois depuis 2004 que <strong>l\u2019Orchestre Baroque de Leyde<\/strong>, cette fois<strong> avec le violoniste Franc Polman<\/strong>,passe dans le coin pour se pr\u00e9senter \u00e0 l\u2019Eglise St. Pierre \u00e0 Lemps avec son acoustique merveilleuse, \u2018<em>haut-plac\u00e9e pour surveiller le pays, con\u00e7ue certes comme un b\u00e2timent culturel, mais aussi comme un poste fortement d\u00e9fensif, avec des murs de deux m\u00e8tres d\u2019\u00e9paisseur appareill\u00e9s en pierre froide<\/em><em>\u2019 <\/em><em>(<\/em>Patrick Ollivier dans son livre sur Les Baronnies). L\u2019\u00e9glise va \u00eatre restaur\u00e9e par la commune de Lemps pour un budget estim\u00e9 \u00e0 330.000 euros.<\/p>\n\n\n\n<p class=\"wp-block-paragraph\">Programme&nbsp;:<\/p>\n\n\n\n<ul class=\"wp-block-list\">\n<li><strong>Christian Ernst Graf<\/strong> &#8211; Sinfonia IV en r\u00e9 majeur.<br>Allegro \u2013 Andante &#8211; Presto<br><\/li>\n\n\n\n<li><strong>Unico van Wassenaar<\/strong> &#8211; Concerto armonico n.5 en fa mineur.<br>Adagio \u2013 Da Capella \u2013 Con Sordino \u2013 A Tempo Justo<br><\/li>\n\n\n\n<li><strong>J.S. Bach<\/strong> &#8211; Concerto en la mineur pour violon BWV 1041<br>avec Franc Polman, violoniste<br>Allegro Moderato \u2013 Andante \u2013 Allegro Assai<\/li>\n<\/ul>\n\n\n\n<p class=\"wp-block-paragraph\">Petite Pause<\/p>\n\n\n\n<ul class=\"wp-block-list\">\n<li><strong>Alessandro Scarlatti<\/strong> &#8211; Concerto pour cordes n.2 en do mineur<br>Allegro \u2013 Grave &#8211; Minuet<br><\/li>\n\n\n\n<li><strong>Marin Marais<\/strong> &#8211; Suite de l\u2019op\u00e9ra Alcione.<br>Ouverture \u2013 Air des Faunes et Driades \u2013 Bour\u00e9e \u2013 Premier Passepied \u2013 Sarabande \u2013 Gigue \u2013 Air \u2013 Marche pour les Matelots et airs des Matelots \u2013 Tempeste &#8211; Ritouelle<br><\/li>\n\n\n\n<li><strong>Carl Stamitz<\/strong> &#8211; Quatuor \u00e0 grand orchestre en do majeur opus 14 n.1.<br>Allegro Assai \u2013 Andante di Molto \u2013 Poco Presto<\/li>\n<\/ul>\n\n\n\n<p class=\"has-medium-font-size wp-block-paragraph\"><strong>Libre Participation aux Frais<\/strong><\/p>\n\n\n\n<p class=\"wp-block-paragraph\">Fond\u00e9 en 1988, le <strong>Leids Barok Ensemble<\/strong> joue sous la direction de chef de pupitre <strong>Roelof Balk<\/strong>. L\u2019ensemble est compos\u00e9 de 15 instruments \u00e0 cordes et d\u2019un clavecin. Comme jadis, la plupart des membres de l\u2019ensemble ne d\u00e9pendent pas de la musique pour leur subsistance mat\u00e9rielle. Afin de s\u2019approcher le plus possible du timbre id\u00e9al de l\u2019\u00e9poque baroque, les instruments ont des cordes de boyau et sont accord\u00e9s un demi-ton plus bas que le ton utilis\u00e9 dans la pratique des concerts contemporains. Les musiciens jouent souvent sur des instruments du 18\u00e8me si\u00e8cle ou avec des copies. La plupart des musiciens jouent avec des archets baroques sp\u00e9cialement construits pour l&#8217;ensemble. L\u2019influence de ces archets sur le mode de jeu (doigt\u00e9, ponctuation, articulation et mani\u00e8re de tenir l&#8217;archet) est important, le phras\u00e9 devient plus facile et le son plus l\u00e9ger et transparent.<br>L\u2019ensemble se pr\u00e9sente comme un groupe soud\u00e9, sans chef d\u2019orchestre. Il en ressort toujours des interpr\u00e9tations convaincantes qui laissent la place \u00e0 un apport individuel. Le r\u00e9sultat est un dialogue spontan\u00e9 et surprenant qui est caract\u00e9ristique pour l\u2019ensemble. Autour de l\u2019ensemble s\u2019est form\u00e9 un cercle toujours croissant d\u2019amateurs de musique baroque. Comme l\u2019ensemble ne re\u00e7oit aucune subvention, il d\u00e9pend financi\u00e8rement de sponsoring donateurs et amateurs de concert. Esp\u00e9rons que ceux-ci pourront faire en sorte que l\u2019ensemble puisse continuer \u00e0 diffuser la musique baroque.<\/p>\n\n\n\n<p class=\"wp-block-paragraph\"><strong>Franc Polman<\/strong> est premier violon dans <em>l\u2019Orchestre du 18\u00e8me Si\u00e8cle<\/em>. Il joue r\u00e9guli\u00e8rement avec l\u2019<em>Ensemble Apollo, le Tulipa C<\/em>onsort, <em>Musica Amphion <\/em>et <em>de Nieuwe Philharmonie Utrecht. <\/em>Il joue \u00e9galement \u00e0 l\u2019\u00e9tranger avec des orchestres baroques prestigieux comme <em>Musica Antica <\/em>et <em>Les Musiciens du Louvre<\/em>. Depuis onze ans il fait partie du <em>Dresdner Festspielorchester. <\/em>En tant que premier violon solo il a men\u00e9 <em>Musica ad Rhenum<\/em> sous la direction de Jed Wentz dans de nombreux op\u00e9ras de Mozart, H\u00e4ndel et Rameau. Il a donn\u00e9 des masterclass au H\u00e4ndelacad\u00e9mie \u00e0 Karlsruhe, \u00e0 Pistoia en Italie, \u00e0 l\u2019Academie d\u2019\u00e9t\u00e9 \u00e0 Zutphen et au conservatoire royal de La Haye. Cette saison, en tant que deuxi\u00e8me violoniste du quatuor Narratio, il joue tous les quatuors de Ludwig von Beethoven et Johannes Brahms.<br>&nbsp;Il donne r\u00e9guli\u00e8rement des concerts avec le fortepianiste Rico Fukuda, le claveciniste Pieter Dirksen et l\u2019organiste Henk Verhoef.<em> <\/em>Franc joue sur des violons de luthiers du 17\u00e8me si\u00e8cle d\u2019Amsterdam, comme Hendrik Jacobs et Pieter Rombout.<\/p>\n<\/div>","protected":false},"excerpt":{"rendered":"<div class=\"page-restrict-output\"><p>C\u2019est la cinqui\u00e8me fois depuis 2004 que l\u2019Orchestre Baroque de Leyde, cette fois avec le violoniste Franc Polman,passe dans le coin pour se pr\u00e9senter \u00e0 l\u2019Eglise St. Pierre \u00e0 Lemps avec son acoustique merveilleuse, \u2018haut-plac\u00e9e pour surveiller le pays, con\u00e7ue certes comme un b\u00e2timent culturel, mais aussi comme un poste fortement d\u00e9fensif, avec des murs &#8230; <a title=\"France 2023\" class=\"read-more\" href=\"https:\/\/www.hetlbe.nl\/?page_id=1463\" aria-label=\"Lees meer over France 2023\">Lees meer<\/a><\/p>\n<\/div>","protected":false},"author":4,"featured_media":0,"parent":0,"menu_order":0,"comment_status":"closed","ping_status":"closed","template":"","meta":{"_crdt_document":"","footnotes":""},"class_list":["post-1463","page","type-page","status-publish"],"_links":{"self":[{"href":"https:\/\/www.hetlbe.nl\/index.php?rest_route=\/wp\/v2\/pages\/1463","targetHints":{"allow":["GET"]}}],"collection":[{"href":"https:\/\/www.hetlbe.nl\/index.php?rest_route=\/wp\/v2\/pages"}],"about":[{"href":"https:\/\/www.hetlbe.nl\/index.php?rest_route=\/wp\/v2\/types\/page"}],"author":[{"embeddable":true,"href":"https:\/\/www.hetlbe.nl\/index.php?rest_route=\/wp\/v2\/users\/4"}],"replies":[{"embeddable":true,"href":"https:\/\/www.hetlbe.nl\/index.php?rest_route=%2Fwp%2Fv2%2Fcomments&post=1463"}],"version-history":[{"count":9,"href":"https:\/\/www.hetlbe.nl\/index.php?rest_route=\/wp\/v2\/pages\/1463\/revisions"}],"predecessor-version":[{"id":1542,"href":"https:\/\/www.hetlbe.nl\/index.php?rest_route=\/wp\/v2\/pages\/1463\/revisions\/1542"}],"wp:attachment":[{"href":"https:\/\/www.hetlbe.nl\/index.php?rest_route=%2Fwp%2Fv2%2Fmedia&parent=1463"}],"curies":[{"name":"wp","href":"https:\/\/api.w.org\/{rel}","templated":true}]}}